{"id":8770,"date":"2022-06-13T15:58:54","date_gmt":"2022-06-13T13:58:54","guid":{"rendered":"https:\/\/mkevandorgyules.hu\/?page_id=8770"},"modified":"2022-06-16T09:25:23","modified_gmt":"2022-06-16T07:25:23","slug":"takats-gyula-megyei-hatokoru-varosi-konyvtar","status":"publish","type":"page","link":"https:\/\/mkevandorgyules.hu\/takats-gyula-megyei-hatokoru-varosi-konyvtar\/","title":{"rendered":"Tak\u00e1ts Gyula  Megyei Hat\u00f3k\u00f6r\u0171 V\u00e1rosi K\u00f6nyvt\u00e1r"},"content":{"rendered":"\t\t<div data-elementor-type=\"wp-page\" data-elementor-id=\"8770\" class=\"elementor elementor-8770\" data-elementor-settings=\"[]\">\n\t\t\t\t\t\t<div class=\"elementor-inner\">\n\t\t\t\t\t\t\t<div class=\"elementor-section-wrap\">\n\t\t\t\t\t\t\t<section class=\"elementor-section elementor-top-section elementor-element elementor-element-0ddef06 elementor-section-boxed elementor-section-height-default elementor-section-height-default\" data-id=\"0ddef06\" data-element_type=\"section\">\n\t\t\t\t\t\t<div class=\"elementor-container elementor-column-gap-default\">\n\t\t\t\t\t\t\t<div class=\"elementor-row\">\n\t\t\t\t\t<div class=\"elementor-column elementor-col-100 elementor-top-column elementor-element elementor-element-3eb7646\" data-id=\"3eb7646\" data-element_type=\"column\">\n\t\t\t<div class=\"elementor-column-wrap elementor-element-populated\">\n\t\t\t\t\t\t\t<div class=\"elementor-widget-wrap\">\n\t\t\t\t\t\t<div class=\"elementor-element elementor-element-373e540 elementor-widget elementor-widget-heading\" data-id=\"373e540\" data-element_type=\"widget\" data-widget_type=\"heading.default\">\n\t\t\t\t<div class=\"elementor-widget-container\">\n\t\t\t<h2 class=\"elementor-heading-title elementor-size-default\">Megyei K\u00f6nyvt\u00e1r<\/h2>\t\t<\/div>\n\t\t\t\t<\/div>\n\t\t\t\t<div class=\"elementor-element elementor-element-85939d1 elementor-widget elementor-widget-heading\" data-id=\"85939d1\" data-element_type=\"widget\" data-widget_type=\"heading.default\">\n\t\t\t\t<div class=\"elementor-widget-container\">\n\t\t\t<h2 class=\"elementor-heading-title elementor-size-default\">Tak\u00e1ts Gyula Megyei Hat\u00f3k\u00f6r\u0171 V\u00e1rosi K\u00f6nyvt\u00e1r<\/h2>\t\t<\/div>\n\t\t\t\t<\/div>\n\t\t\t\t<div class=\"elementor-element elementor-element-b0924a0 elementor-view-default elementor-widget elementor-widget-icon\" data-id=\"b0924a0\" data-element_type=\"widget\" data-widget_type=\"icon.default\">\n\t\t\t\t<div class=\"elementor-widget-container\">\n\t\t\t\t\t<div class=\"elementor-icon-wrapper\">\n\t\t\t<div class=\"elementor-icon\">\n\t\t\t<i aria-hidden=\"true\" class=\"fas fa-angle-double-down\"><\/i>\t\t\t<\/div>\n\t\t<\/div>\n\t\t\t\t<\/div>\n\t\t\t\t<\/div>\n\t\t\t\t\t\t<\/div>\n\t\t\t\t\t<\/div>\n\t\t<\/div>\n\t\t\t\t\t\t\t\t<\/div>\n\t\t\t\t\t<\/div>\n\t\t<\/section>\n\t\t\t\t<section class=\"elementor-section elementor-top-section elementor-element elementor-element-69f5ded elementor-section-boxed elementor-section-height-default elementor-section-height-default\" data-id=\"69f5ded\" data-element_type=\"section\">\n\t\t\t\t\t\t<div class=\"elementor-container elementor-column-gap-default\">\n\t\t\t\t\t\t\t<div class=\"elementor-row\">\n\t\t\t\t\t<div class=\"elementor-column elementor-col-100 elementor-top-column elementor-element elementor-element-e985bc0\" data-id=\"e985bc0\" data-element_type=\"column\">\n\t\t\t<div class=\"elementor-column-wrap elementor-element-populated\">\n\t\t\t\t\t\t\t<div class=\"elementor-widget-wrap\">\n\t\t\t\t\t\t<div class=\"elementor-element elementor-element-7b62d9f elementor-widget elementor-widget-text-editor\" data-id=\"7b62d9f\" data-element_type=\"widget\" data-widget_type=\"text-editor.default\">\n\t\t\t\t<div class=\"elementor-widget-container\">\n\t\t\t\t\t\t\t\t<div class=\"elementor-text-editor elementor-clearfix\">\n\t\t\t\t\t<p style=\"text-align: center\">7400 Kaposv\u00e1r, Csokonai u. 4.<br \/>www.mvkkvar.hu<br \/>Telefon: (82) 527-350<br \/>Fax: (82) 527-358<\/p>\t\t\t\t\t<\/div>\n\t\t\t\t\t\t<\/div>\n\t\t\t\t<\/div>\n\t\t\t\t<div class=\"elementor-element elementor-element-1a75452 elementor-widget elementor-widget-text-editor\" data-id=\"1a75452\" data-element_type=\"widget\" data-widget_type=\"text-editor.default\">\n\t\t\t\t<div class=\"elementor-widget-container\">\n\t\t\t\t\t\t\t\t<div class=\"elementor-text-editor elementor-clearfix\">\n\t\t\t\t\t<p><a href=\"https:\/\/mkevandorgyules.hu\/wp-content\/uploads\/sites\/7\/2022\/06\/285004024_5225850040829847_4921622581422536787_n.jpg\"><img loading=\"lazy\" class=\"alignright wp-image-8863\" src=\"https:\/\/mkevandorgyules.hu\/wp-content\/uploads\/sites\/7\/2022\/06\/285004024_5225850040829847_4921622581422536787_n-1024x768.jpg\" alt=\"\" width=\"600\" height=\"450\" srcset=\"https:\/\/mkevandorgyules.hu\/wp-content\/uploads\/sites\/7\/2022\/06\/285004024_5225850040829847_4921622581422536787_n-1024x768.jpg 1024w, https:\/\/mkevandorgyules.hu\/wp-content\/uploads\/sites\/7\/2022\/06\/285004024_5225850040829847_4921622581422536787_n-300x225.jpg 300w, https:\/\/mkevandorgyules.hu\/wp-content\/uploads\/sites\/7\/2022\/06\/285004024_5225850040829847_4921622581422536787_n-768x576.jpg 768w, https:\/\/mkevandorgyules.hu\/wp-content\/uploads\/sites\/7\/2022\/06\/285004024_5225850040829847_4921622581422536787_n-1536x1152.jpg 1536w, https:\/\/mkevandorgyules.hu\/wp-content\/uploads\/sites\/7\/2022\/06\/285004024_5225850040829847_4921622581422536787_n.jpg 2048w\" sizes=\"(max-width: 600px) 100vw, 600px\" \/><\/a>Kaposv\u00e1r sz\u00edv\u00e9ben, az Ag\u00f3ra \u00e9s a s\u00e9t\u00e1l\u00f3utca k\u00f6z\u00f6tt, f\u00e1kkal k\u00f6r\u00fcl\u00f6lelve, parkol\u00f3val k\u00f6rbev\u00e9ve b\u00fajik meg megyei hat\u00f3k\u00f6r\u0171 v\u00e1rosi k\u00f6nyvt\u00e1runk.\u00a0<\/p><p>A helyi- \u00e9s helyk\u00f6zi aut\u00f3busz \u00e1llom\u00e1s, valamint a vas\u00fat\u00e1llom\u00e1s 10 perces s\u00e9t\u00e1val el\u00e9rhet\u0151.<\/p><p>Somogyorsz\u00e1g leggazdagabb \u00e1llom\u00e1ny\u00fa nyilv\u00e1nos k\u00f6nyvt\u00e1ra, a megye h\u00e1l\u00f3zati k\u00f6zpontja egyben a k\u00f6zm\u0171vel\u0151d\u00e9si k\u00f6nyvt\u00e1rainak is.\u00a0\u00a0<\/p><p>A v\u00e1ros h\u00edres sz\u00fcl\u00f6tt\u00e9r\u0151l, k\u00f6lt\u0151 \u00f3ri\u00e1s\u00e1r\u00f3l kapta a nev\u00e9t, kinek eml\u00e9k\u00e9t \u0151rzi m\u00e9g a Tak\u00e1ts Gyula Eml\u00e9kh\u00e1z, -sz\u00fcl\u0151h\u00e1za, amely egy k\u00f6zeli kis utc\u00e1csk\u00e1ban tal\u00e1lhat\u00f3.\u00a0<\/p><p>Mec\u00e9n\u00e1sai k\u00f6zt tudhatjuk a kezdetek kezdet\u00e9n Festetics L\u00e1szl\u00f3t \u00e9s Somssich P\u00e1lt is. A k\u00f6nyvt\u00e1r el\u0151tt tal\u00e1lhat\u00f3 <a href=\"http:\/\/www.mvkkvar.hu\/index.php\/hu\/konyvtarrol\/a-konyvtar-tortenete\" target=\"_blank\" rel=\"noopener\">eml\u00e9km\u0171<\/a> pedig m\u00e9lt\u00f3 mement\u00f3ja Festetics gr\u00f3f egy nagylelk\u0171 felaj\u00e1nl\u00e1snak.<\/p><p><em>A mai form\u00e1j\u00e1ban az id\u00e9n 70 \u00e9ves k\u00f6nyvt\u00e1runk t\u00f6rt\u00e9neti fot\u00f3ki\u00e1ll\u00edt\u00e1s\u00e1t a Kamarataremben tekintheti meg az \u00e9rdekl\u0151d\u0151. A ki\u00e1ll\u00edt\u00e1s k\u00f6zel 400 f\u00e9nyk\u00e9pet tartalmaz magyar\u00e1zatokkal. <\/em><em>Kellner Bern\u00e1th, a Somogy Megyei K\u00f6nyvt\u00e1r \u00e1llami d\u00edjas igazgat\u00f3ja, a magyar k\u00f6nyvt\u00e1r\u00fcgy kiemelked\u0151 alakja eml\u00e9k\u00e9t, valamint a 1981-es MKE v\u00e1ndorgy\u0171l\u00e9s eml\u00e9k\u00e9t is felid\u00e9zik a k\u00e9pek a sok r\u00e9gi, sz\u00e9p, k\u00fczdelmes eml\u00e9k mellett.\u00a0<\/em><\/p>\t\t\t\t\t<\/div>\n\t\t\t\t\t\t<\/div>\n\t\t\t\t<\/div>\n\t\t\t\t<div class=\"elementor-element elementor-element-46b6c0a elementor-widget elementor-widget-text-editor\" data-id=\"46b6c0a\" data-element_type=\"widget\" data-widget_type=\"text-editor.default\">\n\t\t\t\t<div class=\"elementor-widget-container\">\n\t\t\t\t\t\t\t\t<div class=\"elementor-text-editor elementor-clearfix\">\n\t\t\t\t\t<p>K\u00f6nyvt\u00e1runk olvas\u00f3inak az ingyenes alapszolg\u00e1ltat\u00e1sok mellett az al\u00e1bbiakat k\u00edn\u00e1lunk m\u00e9g:<\/p><ul><li>K\u00f6nyvek, foly\u00f3iratok, CD- \u00e9s hanglemezek, kott\u00e1k, hangosk\u00f6nyvek \u00e9s DVD-k k\u00f6lcs\u00f6nz\u00e9se.<\/li><li>El\u0151jegyezz\u00fck az \u00e9pp k\u00f6lcs\u00f6nz\u00e9sben l\u00e9v\u0151 m\u0171veket, amelyek be\u00e9rkez\u00e9s\u00e9r\u0151l \u00e9rtes\u00edt\u00e9st k\u00fcld\u00fcnk.\u00a0<\/li><li>Online katal\u00f3gusunkban olvas\u00f3ink ak\u00e1r otthonr\u00f3l is f\u00e9lretetethetnek bent l\u00e9v\u0151 dokumentumokat vagy el\u0151jegyezhetik azokat, melyek \u00e9ppen ki vannak k\u00f6lcs\u00f6n\u00f6zve.<\/li><li>A k\u00f6nyvt\u00e1runk \u00e1llom\u00e1ny\u00e1b\u00f3l hi\u00e1nyz\u00f3 m\u0171veket olvas\u00f3i k\u00e9r\u00e9sre m\u00e1s k\u00f6nyvt\u00e1rb\u00f3l, d\u00edj megfizet\u00e9s ellen\u00e9ben\u00a0 \u00e1tk\u00e9rj\u00fck.<\/li><li>Szakdolgozatokhoz, el\u0151ad\u00e1sokhoz irodalomjegyz\u00e9ket k\u00e9sz\u00edt\u00fcnk.<\/li><li>Id\u0151s, mozg\u00e1sukban korl\u00e1tozott, r\u00e1szorul\u00f3 olvas\u00f3inknak h\u00e1zhoz sz\u00e1ll\u00edtjuk a\u00a0 k\u00e9rt dokumentumokat.<\/li><li>Sz\u00e1m\u00edt\u00f3g\u00e9p- \u00e9s internethaszn\u00e1lat. \u2219 F\u00e9nym\u00e1sol\u00e1s, nyomtat\u00e1s, szkennel\u00e9s, CD \u00edr\u00e1sa.<\/li><li><strong>Sz\u00fclet\u00e9snapi <\/strong>(vagy egy\u00e9b \u00e9vfordul\u00f3s) <strong>csomag<\/strong> k\u00e9sz\u00edt\u00e9se foly\u00f3iratokb\u00f3l.<\/li><li>Programjainkr\u00f3l k\u00e9r\u00e9sre h\u00edrlevelet k\u00fcld\u00fcnk.<br \/><br \/><\/li><\/ul>\t\t\t\t\t<\/div>\n\t\t\t\t\t\t<\/div>\n\t\t\t\t<\/div>\n\t\t\t\t<div class=\"elementor-element elementor-element-723bf73 elementor-widget elementor-widget-text-editor\" data-id=\"723bf73\" data-element_type=\"widget\" data-widget_type=\"text-editor.default\">\n\t\t\t\t<div class=\"elementor-widget-container\">\n\t\t\t\t\t\t\t\t<div class=\"elementor-text-editor elementor-clearfix\">\n\t\t\t\t\t<strong><a href=\"https:\/\/mkevandorgyules.hu\/wp-content\/uploads\/sites\/7\/2022\/06\/festetics_szob9.jpg\"><img loading=\"lazy\" class=\"alignleft wp-image-8866\" src=\"https:\/\/mkevandorgyules.hu\/wp-content\/uploads\/sites\/7\/2022\/06\/festetics_szob9.jpg\" alt=\"\" width=\"400\" height=\"534\" style=\"padding-right:10px\" srcset=\"https:\/\/mkevandorgyules.hu\/wp-content\/uploads\/sites\/7\/2022\/06\/festetics_szob9.jpg 644w, https:\/\/mkevandorgyules.hu\/wp-content\/uploads\/sites\/7\/2022\/06\/festetics_szob9-225x300.jpg 225w\" sizes=\"(max-width: 400px) 100vw, 400px\" \/><\/a>K\u00f6zszolg\u00e1lati t\u00e9r<\/strong>\n<ul>\n \t<li>Inform\u00e1ci\u00f3kat ny\u00fajtunk jogi,\u00a0 oktat\u00e1si, munka\u00fcgyi \u00e9s helyi t\u00e9m\u00e1kban.<\/li>\n \t<li>A foly\u00f3irat polcokon a napilapok mellett hetilapokat, magazinokat \u00e9s szaklapokat is tal\u00e1lnak olvas\u00f3ink. A k\u00f6zel 200 lapb\u00f3l \u00e1ll\u00f3 foly\u00f3irat-\u00e1llom\u00e1nyunk ingyenesen olvashat\u00f3.<\/li>\n \t<li>Internetez\u00e9si lehet\u0151s\u00e9get biztos\u00edtunk, tov\u00e1bb\u00e1 l\u00e1t\u00e1ss\u00e9r\u00fclt olvas\u00f3ink ingyenesen haszn\u00e1lhatj\u00e1k a JAWS for Windows k\u00e9perny\u0151olvas\u00f3 programot.<\/li>\n \t<li>Szkennel\u00e9st, f\u00e9nym\u00e1sol\u00e1st \u00e9s nyomtat\u00e1st is v\u00e1llalunk.<\/li>\n \t<li>K\u00f6nyvt\u00e1runkban el\u00e9rhet\u0151 az online Jogt\u00e1r adatb\u00e1zis, a Magyar Nemzeti Digit\u00e1lis Arch\u00edvum \u00e9s az Arcanum Digit\u00e1lis Tudom\u00e1nyt\u00e1r.<\/li>\n<\/ul>\n<strong>Gyermekk\u00f6nyvt\u00e1r<\/strong>\n<ul>\n \t<li>Ide v\u00e1runk minden 14 \u00e9ven aluli gyermeket, de feln\u0151tt olvas\u00f3ink is k\u00f6lcs\u00f6n\u00f6zhetnek \u00e1llom\u00e1ny\u00e1b\u00f3l.<\/li>\n \t<li>Sz\u00e1m\u00edt\u00f3g\u00e9peink haszn\u00e1lata ingyenes, alkalmank\u00e9nt f\u00e9l \u00f3r\u00e1ra vehetik ig\u00e9nybe a gyerekek.<\/li>\n \t<li>Diafilmek, t\u00e1rsasj\u00e1t\u00e9kok, \u00e9s egy Bookr Kids asztal \u00e1ll a gyerekek rendelkez\u00e9s\u00e9re.<\/li>\n \t<li>Gyermekfoglalkoz\u00e1sokat tartunk \u00f3vodai, iskolai csoportoknak, melyhez el\u0151zetes bejelentkez\u00e9s sz\u00fcks\u00e9ges.<\/li>\n \t<li>Nyaranta egy-egy h\u00e9t t\u00e1bort is tartunk als\u00f3soknak, k\u00f6z\u00e9piskol\u00e1soknak; cs\u00fct\u00f6rt\u00f6k d\u00e9lel\u0151tt\u00f6nk\u00e9nt pedig hagyom\u00e1nyos ismeretterjeszt\u0151, zen\u00e9s el\u0151ad\u00e1sokat tartunk j\u00e1tsz\u00f3h\u00e1zzal egybek\u00f6tve csal\u00e1di programk\u00e9nt.<\/li>\n<\/ul>\n<ul>\n \t<li><a href=\"http:\/\/www.mvkkvar.hu\/helyt\/\" target=\"_blank\" rel=\"noopener\"><strong>Helyismereti gy\u0171jtem\u00e9ny<\/strong><\/a><\/li>\n \t<li><a href=\"http:\/\/www.mvkkvar.hu\/index.php\/hu\/mediatari-dokumentumok\" target=\"_blank\" rel=\"noopener\"><strong>M\u00e9diat\u00e1r<\/strong><\/a><\/li>\n \t<li><a href=\"http:\/\/www.mvkkvar.hu\/index.php\/hu\/virtualis-kiallitas\" target=\"_blank\" rel=\"noopener\"><strong>Virtu\u00e1lis ki\u00e1ll\u00edt\u00e1saink<\/strong><\/a><\/li>\n \t<li><a href=\"http:\/\/www.mvkkvar.hu\/index.php\/hu\/konyvtamasz-magazin\" target=\"_blank\" rel=\"noopener\"><strong>K\u00f6nyvt\u00e1masz magazin<\/strong><\/a><\/li>\n<\/ul>\nId\u00e9nt\u0151l <a href=\"http:\/\/www.mvkkvar.hu\/automata\/index.php\" target=\"_blank\" rel=\"noopener\"><strong>k\u00f6nyvk\u00f6lcs\u00f6nz\u0151 automata<\/strong><\/a> is olvas\u00f3ink rendelkez\u00e9s\u00e9re \u00e1ll.\n\nFi\u00f3kk\u00f6nyvt\u00e1runk, a <a href=\"http:\/\/www.mvkkvar.hu\/fiok\/petofi\/index.php\" target=\"_blank\" rel=\"noopener\"><strong>Pet\u0151fi S\u00e1ndor Eml\u00e9kk\u00f6nyvt\u00e1r<\/strong><\/a>, v\u00e1rosunk \u00e9szaknyugati r\u00e9sz\u00e9n ny\u00fajt kikapcsol\u00f3d\u00e1st, felt\u00f6lt\u0151d\u00e9st szint\u00e9n gyerekcsoportok \u00e9s a csal\u00e1d apraja-nagyja r\u00e9sz\u00e9re.\t\t\t\t\t<\/div>\n\t\t\t\t\t\t<\/div>\n\t\t\t\t<\/div>\n\t\t\t\t\t\t<\/div>\n\t\t\t\t\t<\/div>\n\t\t<\/div>\n\t\t\t\t\t\t\t\t<\/div>\n\t\t\t\t\t<\/div>\n\t\t<\/section>\n\t\t\t\t\t\t<\/div>\n\t\t\t\t\t\t<\/div>\n\t\t\t\t\t<\/div>\n\t\t","protected":false},"excerpt":{"rendered":"<p>Megyei K\u00f6nyvt\u00e1r Tak\u00e1ts Gyula Megyei Hat\u00f3k\u00f6r\u0171 V\u00e1rosi K\u00f6nyvt\u00e1r 7400 Kaposv\u00e1r, Csokonai u. 4.www.mvkkvar.huTelefon: (82) 527-350Fax: (82) 527-358 Kaposv\u00e1r sz\u00edv\u00e9ben, az Ag\u00f3ra \u00e9s a s\u00e9t\u00e1l\u00f3utca k\u00f6z\u00f6tt, f\u00e1kkal k\u00f6r\u00fcl\u00f6lelve, parkol\u00f3val k\u00f6rbev\u00e9ve b\u00fajik meg megyei hat\u00f3k\u00f6r\u0171 v\u00e1rosi k\u00f6nyvt\u00e1runk.\u00a0 A helyi- \u00e9s helyk\u00f6zi aut\u00f3busz \u00e1llom\u00e1s, valamint a vas\u00fat\u00e1llom\u00e1s 10 perces s\u00e9t\u00e1val el\u00e9rhet\u0151. Somogyorsz\u00e1g leggazdagabb \u00e1llom\u00e1ny\u00fa nyilv\u00e1nos k\u00f6nyvt\u00e1ra, a megye [&hellip;]<\/p>\n","protected":false},"author":280,"featured_media":0,"parent":0,"menu_order":0,"comment_status":"closed","ping_status":"closed","template":"","meta":[],"yoast_head":"<!-- This site is optimized with the Yoast SEO plugin v16.4 - https:\/\/yoast.com\/wordpress\/plugins\/seo\/ -->\n<title>Tak\u00e1ts Gyula Megyei Hat\u00f3k\u00f6r\u0171 V\u00e1rosi K\u00f6nyvt\u00e1r | MKE 53. V\u00e1ndorgy\u0171l\u00e9s<\/title>\n<meta name=\"robots\" content=\"index, follow, max-snippet:-1, max-image-preview:large, max-video-preview:-1\" \/>\n<link rel=\"canonical\" href=\"https:\/\/mkevandorgyules.hu\/takats-gyula-megyei-hatokoru-varosi-konyvtar\/\" \/>\n<meta property=\"og:locale\" content=\"hu_HU\" \/>\n<meta property=\"og:type\" content=\"article\" \/>\n<meta property=\"og:title\" content=\"Tak\u00e1ts Gyula Megyei Hat\u00f3k\u00f6r\u0171 V\u00e1rosi K\u00f6nyvt\u00e1r | MKE 53. V\u00e1ndorgy\u0171l\u00e9s\" \/>\n<meta property=\"og:description\" content=\"Megyei K\u00f6nyvt\u00e1r Tak\u00e1ts Gyula Megyei Hat\u00f3k\u00f6r\u0171 V\u00e1rosi K\u00f6nyvt\u00e1r 7400 Kaposv\u00e1r, Csokonai u. 4.www.mvkkvar.huTelefon: (82) 527-350Fax: (82) 527-358 Kaposv\u00e1r sz\u00edv\u00e9ben, az Ag\u00f3ra \u00e9s a s\u00e9t\u00e1l\u00f3utca k\u00f6z\u00f6tt, f\u00e1kkal k\u00f6r\u00fcl\u00f6lelve, parkol\u00f3val k\u00f6rbev\u00e9ve b\u00fajik meg megyei hat\u00f3k\u00f6r\u0171 v\u00e1rosi k\u00f6nyvt\u00e1runk.\u00a0 A helyi- \u00e9s helyk\u00f6zi aut\u00f3busz \u00e1llom\u00e1s, valamint a vas\u00fat\u00e1llom\u00e1s 10 perces s\u00e9t\u00e1val el\u00e9rhet\u0151. Somogyorsz\u00e1g leggazdagabb \u00e1llom\u00e1ny\u00fa nyilv\u00e1nos k\u00f6nyvt\u00e1ra, a megye [&hellip;]\" \/>\n<meta property=\"og:url\" content=\"https:\/\/mkevandorgyules.hu\/takats-gyula-megyei-hatokoru-varosi-konyvtar\/\" \/>\n<meta property=\"og:site_name\" content=\"MKE 53. V\u00e1ndorgy\u0171l\u00e9s\" \/>\n<meta property=\"article:modified_time\" content=\"2022-06-16T07:25:23+00:00\" \/>\n<meta property=\"og:image\" content=\"https:\/\/mkevandorgyules.hu\/wp-content\/uploads\/sites\/7\/2022\/06\/285004024_5225850040829847_4921622581422536787_n-1024x768.jpg\" \/>\n<meta name=\"twitter:card\" content=\"summary_large_image\" \/>\n<meta name=\"twitter:label1\" content=\"Becs\u00fclt olvas\u00e1si id\u0151\" \/>\n\t<meta name=\"twitter:data1\" content=\"3 perc\" \/>\n<script type=\"application\/ld+json\" class=\"yoast-schema-graph\">{\"@context\":\"https:\/\/schema.org\",\"@graph\":[{\"@type\":\"WebSite\",\"@id\":\"https:\/\/mkevandorgyules.hu\/#website\",\"url\":\"https:\/\/mkevandorgyules.hu\/\",\"name\":\"MKE 53. V\\u00e1ndorgy\\u0171l\\u00e9s\",\"description\":\"Kaposv\\u00e1r, 2022. j\\u00falius 14-16.\",\"potentialAction\":[{\"@type\":\"SearchAction\",\"target\":\"https:\/\/mkevandorgyules.hu\/?s={search_term_string}\",\"query-input\":\"required name=search_term_string\"}],\"inLanguage\":\"hu\"},{\"@type\":\"ImageObject\",\"@id\":\"https:\/\/mkevandorgyules.hu\/takats-gyula-megyei-hatokoru-varosi-konyvtar\/#primaryimage\",\"inLanguage\":\"hu\",\"url\":\"https:\/\/mkevandorgyules.hu\/wp-content\/uploads\/sites\/7\/2022\/06\/285004024_5225850040829847_4921622581422536787_n.jpg\",\"contentUrl\":\"https:\/\/mkevandorgyules.hu\/wp-content\/uploads\/sites\/7\/2022\/06\/285004024_5225850040829847_4921622581422536787_n.jpg\",\"width\":2048,\"height\":1536},{\"@type\":\"WebPage\",\"@id\":\"https:\/\/mkevandorgyules.hu\/takats-gyula-megyei-hatokoru-varosi-konyvtar\/#webpage\",\"url\":\"https:\/\/mkevandorgyules.hu\/takats-gyula-megyei-hatokoru-varosi-konyvtar\/\",\"name\":\"Tak\\u00e1ts Gyula Megyei Hat\\u00f3k\\u00f6r\\u0171 V\\u00e1rosi K\\u00f6nyvt\\u00e1r | MKE 53. V\\u00e1ndorgy\\u0171l\\u00e9s\",\"isPartOf\":{\"@id\":\"https:\/\/mkevandorgyules.hu\/#website\"},\"primaryImageOfPage\":{\"@id\":\"https:\/\/mkevandorgyules.hu\/takats-gyula-megyei-hatokoru-varosi-konyvtar\/#primaryimage\"},\"datePublished\":\"2022-06-13T13:58:54+00:00\",\"dateModified\":\"2022-06-16T07:25:23+00:00\",\"breadcrumb\":{\"@id\":\"https:\/\/mkevandorgyules.hu\/takats-gyula-megyei-hatokoru-varosi-konyvtar\/#breadcrumb\"},\"inLanguage\":\"hu\",\"potentialAction\":[{\"@type\":\"ReadAction\",\"target\":[\"https:\/\/mkevandorgyules.hu\/takats-gyula-megyei-hatokoru-varosi-konyvtar\/\"]}]},{\"@type\":\"BreadcrumbList\",\"@id\":\"https:\/\/mkevandorgyules.hu\/takats-gyula-megyei-hatokoru-varosi-konyvtar\/#breadcrumb\",\"itemListElement\":[{\"@type\":\"ListItem\",\"position\":1,\"item\":{\"@type\":\"WebPage\",\"@id\":\"https:\/\/mkevandorgyules.hu\/\",\"url\":\"https:\/\/mkevandorgyules.hu\/\",\"name\":\"Home\"}},{\"@type\":\"ListItem\",\"position\":2,\"item\":{\"@id\":\"https:\/\/mkevandorgyules.hu\/takats-gyula-megyei-hatokoru-varosi-konyvtar\/#webpage\"}}]}]}<\/script>\n<!-- \/ Yoast SEO plugin. -->","_links":{"self":[{"href":"https:\/\/mkevandorgyules.hu\/wp-json\/wp\/v2\/pages\/8770"}],"collection":[{"href":"https:\/\/mkevandorgyules.hu\/wp-json\/wp\/v2\/pages"}],"about":[{"href":"https:\/\/mkevandorgyules.hu\/wp-json\/wp\/v2\/types\/page"}],"author":[{"embeddable":true,"href":"https:\/\/mkevandorgyules.hu\/wp-json\/wp\/v2\/users\/280"}],"replies":[{"embeddable":true,"href":"https:\/\/mkevandorgyules.hu\/wp-json\/wp\/v2\/comments?post=8770"}],"version-history":[{"count":7,"href":"https:\/\/mkevandorgyules.hu\/wp-json\/wp\/v2\/pages\/8770\/revisions"}],"predecessor-version":[{"id":8878,"href":"https:\/\/mkevandorgyules.hu\/wp-json\/wp\/v2\/pages\/8770\/revisions\/8878"}],"wp:attachment":[{"href":"https:\/\/mkevandorgyules.hu\/wp-json\/wp\/v2\/media?parent=8770"}],"curies":[{"name":"wp","href":"https:\/\/api.w.org\/{rel}","templated":true}]}}