{"id":29587,"date":"2024-05-17T08:54:26","date_gmt":"2024-05-17T06:54:26","guid":{"rendered":"https:\/\/mkevandorgyules.hu\/?page_id=29587"},"modified":"2025-07-05T22:13:14","modified_gmt":"2025-07-05T20:13:14","slug":"programme-overview","status":"publish","type":"page","link":"https:\/\/mkevandorgyules.hu\/programme-overview\/","title":{"rendered":"Programme overview"},"content":{"rendered":"<h2 style=\"text-align: center\">Information for guests from partner associations<\/h2>\n<div class=\"x_elementToProof\" data-ogsc=\"rgb(0, 0, 0)\" data-olk-copy-source=\"MessageBody\">Dear Colleagues,We are assembling a conference pack for all registered participants including information on travel to the Conference, public transport in Debrecen, hotel, meals, venues, professional, cultural and sport events. Conference information will be sent via e-mail, as well.<\/p>\n<hr \/>\n<\/div>\n<div class=\"x_elementToProof\" style=\"text-align: center\" data-ogsc=\"rgb(0, 0, 0)\">\u2709\ufe0fIf you require any information, please contact us at\u00a0<i data-ogsc=\"\">vandorgyules.debrecen@lib.unideb.hu<\/i><\/div>\n<div data-ogsc=\"rgb(0, 0, 0)\">\n<hr \/>\n<\/div>\n<h4 style=\"text-align: center\"><strong><br \/>\n56th Annual Conference of the Association of Hungarian Librarians<br \/>\n<\/strong><em><strong>Debrecen, July 9-12, 2025 (Wednesday to Saturday)<\/strong><\/em><\/h4>\n<p style=\"text-align: center\">Programme overview<\/p>\n<p><strong>Day 0 &#8211; <\/strong><strong>WEDNESDAY, July 9, 2025<\/strong><\/p>\n<div class=\"x_elementToProof\" data-ogsc=\"rgb(0, 0, 0)\" data-olk-copy-source=\"MessageBody\">16:00 City walks and library visits<\/div>\n<div data-ogsc=\"rgb(0, 0, 0)\" data-olk-copy-source=\"MessageBody\"><\/div>\n<div class=\"x_elementToProof\" data-ogsc=\"rgb(0, 0, 0)\" data-olk-copy-source=\"MessageBody\">20:00 Cultural programme (under organization)<\/p>\n<\/div>\n<p><strong>Day 1 &#8211; <\/strong><strong>THURSDAY, July 10, 2025<\/strong><\/p>\n<div class=\"x_elementToProof\" data-ogsc=\"rgb(0, 0, 0)\" data-olk-copy-source=\"MessageBody\">9:30 Press conference<\/p>\n<p>11:00-13.00 Opening plenary session<\/p>\n<\/div>\n<div data-ogsc=\"rgb(0, 0, 0)\" data-olk-copy-source=\"MessageBody\"><\/div>\n<div class=\"x_elementToProof\" data-ogsc=\"rgb(0, 0, 0)\" data-olk-copy-source=\"MessageBody\">13:00-14:00 Opening of the professional exhibition<\/p>\n<p><span style=\"font-size: inherit\">13:00-15:00 Lunch<\/span><\/p>\n<p><span style=\"font-size: inherit\">15:00-17:30 Sessions of sections<\/span><\/p>\n<p><span style=\"font-size: inherit\">18:00-20:00 Reception<\/span><\/p>\n<p><span style=\"font-size: inherit\">20:00 Cultural programme (under organization)<\/span><\/p>\n<\/div>\n<p><strong>Day 2 &#8211; <\/strong><strong>FRIDAY, July 11, 2025<\/strong><\/p>\n<p>9:00-12:00 Sessions of sections<\/p>\n<p>11:30-13:00 Lunch<\/p>\n<p>13:30-16:30 Sessions of sections<\/p>\n<p>17:00-18:30 Closing plenary session<\/p>\n<p>20:00 Conference dinner (Bar\u00e1ti tal\u00e1lkoz\u00f3)<\/p>\n<p><strong>Day 3\u00a0 <\/strong><strong>SATURDAY, July 12, 2025<\/strong><\/p>\n<p><span data-olk-copy-source=\"MessageBody\">Excursions<\/span><\/p>\n","protected":false},"excerpt":{"rendered":"<p>Information for guests from partner associations Dear Colleagues,We are assembling a conference pack for all registered participants including information on travel to the Conference, public transport in Debrecen, hotel, meals, venues, professional, cultural and sport events. Conference information will be sent via e-mail, as well. \u2709\ufe0fIf you require any information, please contact us at\u00a0vandorgyules.debrecen@lib.unideb.hu 56th [&hellip;]<\/p>\n","protected":false},"author":349,"featured_media":0,"parent":0,"menu_order":0,"comment_status":"closed","ping_status":"closed","template":"","meta":[],"yoast_head":"<!-- This site is optimized with the Yoast SEO plugin v16.4 - https:\/\/yoast.com\/wordpress\/plugins\/seo\/ -->\n<title>Programme overview | MKE 56. V\u00e1ndorgy\u0171l\u00e9s<\/title>\n<meta name=\"robots\" content=\"index, follow, max-snippet:-1, max-image-preview:large, max-video-preview:-1\" \/>\n<link rel=\"canonical\" href=\"https:\/\/mkevandorgyules.hu\/programme-overview\/\" \/>\n<meta property=\"og:locale\" content=\"hu_HU\" \/>\n<meta property=\"og:type\" content=\"article\" \/>\n<meta property=\"og:title\" content=\"Programme overview | MKE 56. V\u00e1ndorgy\u0171l\u00e9s\" \/>\n<meta property=\"og:description\" content=\"Information for guests from partner associations Dear Colleagues,We are assembling a conference pack for all registered participants including information on travel to the Conference, public transport in Debrecen, hotel, meals, venues, professional, cultural and sport events. Conference information will be sent via e-mail, as well. \u2709\ufe0fIf you require any information, please contact us at\u00a0vandorgyules.debrecen@lib.unideb.hu 56th [&hellip;]\" \/>\n<meta property=\"og:url\" content=\"https:\/\/mkevandorgyules.hu\/programme-overview\/\" \/>\n<meta property=\"og:site_name\" content=\"MKE 56. V\u00e1ndorgy\u0171l\u00e9s\" \/>\n<meta property=\"article:modified_time\" content=\"2025-07-05T20:13:14+00:00\" \/>\n<meta property=\"og:image\" content=\"https:\/\/mkevandorgyules.hu\/wp-content\/uploads\/sites\/7\/2022\/05\/pla.jpg\" \/>\n\t<meta property=\"og:image:width\" content=\"1280\" \/>\n\t<meta property=\"og:image:height\" content=\"852\" \/>\n<meta name=\"twitter:card\" content=\"summary_large_image\" \/>\n<meta name=\"twitter:label1\" content=\"Becs\u00fclt olvas\u00e1si id\u0151\" \/>\n\t<meta name=\"twitter:data1\" content=\"1 perc\" \/>\n<script type=\"application\/ld+json\" class=\"yoast-schema-graph\">{\"@context\":\"https:\/\/schema.org\",\"@graph\":[{\"@type\":\"WebSite\",\"@id\":\"https:\/\/mkevandorgyules.hu\/#website\",\"url\":\"https:\/\/mkevandorgyules.hu\/\",\"name\":\"MKE 56. V\\u00e1ndorgy\\u0171l\\u00e9s\",\"description\":\"2025. j\\u00falius 9-12., Debrecen\",\"potentialAction\":[{\"@type\":\"SearchAction\",\"target\":\"https:\/\/mkevandorgyules.hu\/?s={search_term_string}\",\"query-input\":\"required name=search_term_string\"}],\"inLanguage\":\"hu\"},{\"@type\":\"ImageObject\",\"@id\":\"https:\/\/mkevandorgyules.hu\/programme-overview\/#primaryimage\",\"inLanguage\":\"hu\",\"url\":\"https:\/\/mkevandorgyules.hu\/wp-content\/uploads\/sites\/7\/2022\/05\/pla.jpg\",\"contentUrl\":\"https:\/\/mkevandorgyules.hu\/wp-content\/uploads\/sites\/7\/2022\/05\/pla.jpg\",\"width\":1280,\"height\":852},{\"@type\":\"WebPage\",\"@id\":\"https:\/\/mkevandorgyules.hu\/programme-overview\/#webpage\",\"url\":\"https:\/\/mkevandorgyules.hu\/programme-overview\/\",\"name\":\"Programme overview | MKE 56. V\\u00e1ndorgy\\u0171l\\u00e9s\",\"isPartOf\":{\"@id\":\"https:\/\/mkevandorgyules.hu\/#website\"},\"datePublished\":\"2024-05-17T06:54:26+00:00\",\"dateModified\":\"2025-07-05T20:13:14+00:00\",\"breadcrumb\":{\"@id\":\"https:\/\/mkevandorgyules.hu\/programme-overview\/#breadcrumb\"},\"inLanguage\":\"hu\",\"potentialAction\":[{\"@type\":\"ReadAction\",\"target\":[\"https:\/\/mkevandorgyules.hu\/programme-overview\/\"]}]},{\"@type\":\"BreadcrumbList\",\"@id\":\"https:\/\/mkevandorgyules.hu\/programme-overview\/#breadcrumb\",\"itemListElement\":[{\"@type\":\"ListItem\",\"position\":1,\"item\":{\"@type\":\"WebPage\",\"@id\":\"https:\/\/mkevandorgyules.hu\/\",\"url\":\"https:\/\/mkevandorgyules.hu\/\",\"name\":\"Home\"}},{\"@type\":\"ListItem\",\"position\":2,\"item\":{\"@id\":\"https:\/\/mkevandorgyules.hu\/programme-overview\/#webpage\"}}]}]}<\/script>\n<!-- \/ Yoast SEO plugin. -->","_links":{"self":[{"href":"https:\/\/mkevandorgyules.hu\/wp-json\/wp\/v2\/pages\/29587"}],"collection":[{"href":"https:\/\/mkevandorgyules.hu\/wp-json\/wp\/v2\/pages"}],"about":[{"href":"https:\/\/mkevandorgyules.hu\/wp-json\/wp\/v2\/types\/page"}],"author":[{"embeddable":true,"href":"https:\/\/mkevandorgyules.hu\/wp-json\/wp\/v2\/users\/349"}],"replies":[{"embeddable":true,"href":"https:\/\/mkevandorgyules.hu\/wp-json\/wp\/v2\/comments?post=29587"}],"version-history":[{"count":15,"href":"https:\/\/mkevandorgyules.hu\/wp-json\/wp\/v2\/pages\/29587\/revisions"}],"predecessor-version":[{"id":37030,"href":"https:\/\/mkevandorgyules.hu\/wp-json\/wp\/v2\/pages\/29587\/revisions\/37030"}],"wp:attachment":[{"href":"https:\/\/mkevandorgyules.hu\/wp-json\/wp\/v2\/media?parent=29587"}],"curies":[{"name":"wp","href":"https:\/\/api.w.org\/{rel}","templated":true}]}}