{"id":8122,"date":"2022-05-19T16:19:14","date_gmt":"2022-05-19T14:19:14","guid":{"rendered":"https:\/\/mkevandorgyules.hu\/?page_id=8122"},"modified":"2025-06-17T09:39:31","modified_gmt":"2025-06-17T07:39:31","slug":"regisztracio2025","status":"publish","type":"page","link":"https:\/\/mkevandorgyules.hu\/regisztracio2025\/","title":{"rendered":"Regisztr\u00e1ci\u00f3"},"content":{"rendered":"\t\t<div data-elementor-type=\"wp-page\" data-elementor-id=\"8122\" class=\"elementor elementor-8122\" data-elementor-settings=\"[]\">\n\t\t\t\t\t\t<div class=\"elementor-inner\">\n\t\t\t\t\t\t\t<div class=\"elementor-section-wrap\">\n\t\t\t\t\t\t\t<section class=\"elementor-section elementor-top-section elementor-element elementor-element-fee72cc elementor-section-boxed elementor-section-height-default elementor-section-height-default\" data-id=\"fee72cc\" data-element_type=\"section\">\n\t\t\t\t\t\t<div class=\"elementor-container elementor-column-gap-default\">\n\t\t\t\t\t\t\t<div class=\"elementor-row\">\n\t\t\t\t\t<div class=\"elementor-column elementor-col-100 elementor-top-column elementor-element elementor-element-417f1a5\" data-id=\"417f1a5\" data-element_type=\"column\">\n\t\t\t<div class=\"elementor-column-wrap elementor-element-populated\">\n\t\t\t\t\t\t\t<div class=\"elementor-widget-wrap\">\n\t\t\t\t\t\t<div class=\"elementor-element elementor-element-ae76fe2 elementor-widget elementor-widget-heading\" data-id=\"ae76fe2\" data-element_type=\"widget\" data-widget_type=\"heading.default\">\n\t\t\t\t<div class=\"elementor-widget-container\">\n\t\t\t<h2 class=\"elementor-heading-title elementor-size-default\">MKE 56. V\u00e1ndorgy\u0171l\u00e9s<\/h2>\t\t<\/div>\n\t\t\t\t<\/div>\n\t\t\t\t<div class=\"elementor-element elementor-element-68eefb0 elementor-widget elementor-widget-heading\" data-id=\"68eefb0\" data-element_type=\"widget\" data-widget_type=\"heading.default\">\n\t\t\t\t<div class=\"elementor-widget-container\">\n\t\t\t<h2 class=\"elementor-heading-title elementor-size-default\">Regisztr\u00e1ci\u00f3<\/h2>\t\t<\/div>\n\t\t\t\t<\/div>\n\t\t\t\t<div class=\"elementor-element elementor-element-d5fc582 elementor-view-default elementor-widget elementor-widget-icon\" data-id=\"d5fc582\" data-element_type=\"widget\" data-widget_type=\"icon.default\">\n\t\t\t\t<div class=\"elementor-widget-container\">\n\t\t\t\t\t<div class=\"elementor-icon-wrapper\">\n\t\t\t<div class=\"elementor-icon\">\n\t\t\t<i aria-hidden=\"true\" class=\"fas fa-angle-double-down\"><\/i>\t\t\t<\/div>\n\t\t<\/div>\n\t\t\t\t<\/div>\n\t\t\t\t<\/div>\n\t\t\t\t\t\t<\/div>\n\t\t\t\t\t<\/div>\n\t\t<\/div>\n\t\t\t\t\t\t\t\t<\/div>\n\t\t\t\t\t<\/div>\n\t\t<\/section>\n\t\t\t\t<section class=\"elementor-section elementor-top-section elementor-element elementor-element-38a93b1 elementor-section-boxed elementor-section-height-default elementor-section-height-default\" data-id=\"38a93b1\" data-element_type=\"section\">\n\t\t\t\t\t\t<div class=\"elementor-container elementor-column-gap-default\">\n\t\t\t\t\t\t\t<div class=\"elementor-row\">\n\t\t\t\t\t<div class=\"elementor-column elementor-col-100 elementor-top-column elementor-element elementor-element-0e520ce\" data-id=\"0e520ce\" data-element_type=\"column\">\n\t\t\t<div class=\"elementor-column-wrap elementor-element-populated\">\n\t\t\t\t\t\t\t<div class=\"elementor-widget-wrap\">\n\t\t\t\t\t\t<div class=\"elementor-element elementor-element-b6b33c8 elementor-widget elementor-widget-text-editor\" data-id=\"b6b33c8\" data-element_type=\"widget\" data-widget_type=\"text-editor.default\">\n\t\t\t\t<div class=\"elementor-widget-container\">\n\t\t\t\t\t\t\t\t<div class=\"elementor-text-editor elementor-clearfix\">\n\t\t\t\t\t<ul><li data-olk-copy-source=\"MessageBody\">A regisztr\u00e1ci\u00f3 online, egy erre a c\u00e9lra kialak\u00edtott \u0171rlapon kereszt\u00fcl t\u00f6rt\u00e9nik, ami v\u00e9gigvezeti \u00d6nt a jelentkez\u00e9s teljes folyamat\u00e1n. Ennek sor\u00e1n a szem\u00e9lyes adatai mellett a szakmai \u00e9s szabadid\u0151s programokon val\u00f3 r\u00e9szv\u00e9tellel, a sz\u00e1ll\u00e1ssal \u00e9s \u00e9tkez\u00e9ssel kapcsolatos inform\u00e1ci\u00f3kat kell megadnia. Fontos tudnia, hogy nem minden k\u00e9rd\u00e9s l\u00e1that\u00f3 egyszerre, <strong>az egyes blokkok<\/strong> a v\u00e1lasztott opci\u00f3k f\u00fcggv\u00e9ny\u00e9ben, <strong>szakaszosan ny\u00edlnak meg<\/strong>.\u00a0<\/li><li data-olk-copy-source=\"MessageBody\">A regisztr\u00e1ci\u00f3 <b>hat\u00e1rideje 2025. j\u00falius 7.<\/b> A sz\u00e1ll\u00e1sfoglal\u00e1s, \u00e9tkez\u00e9s \u00e9s kir\u00e1ndul\u00e1sokra val\u00f3 jelentkez\u00e9s hat\u00e1rideje azonban ett\u0151l elt\u00e9r. A hat\u00e1rid\u0151 \u00e9s\/vagy a maxim\u00e1lis l\u00e9tsz\u00e1m el\u00e9r\u00e9sekor az egyes programelemekre val\u00f3 jelentkez\u00e9s inakt\u00edvv\u00e1 v\u00e1lik az \u0171rlapon. A hat\u00e1rid\u0151kkel kapcsolatos tudnival\u00f3kr\u00f3l a <a href=\"https:\/\/mkevandorgyules.hu\/szamlazasi-informaciok\/\" target=\"_blank\" rel=\"noopener\">Sz\u00e1ml\u00e1z\u00e1si Inform\u00e1ci\u00f3k<\/a> men\u00fcpontban tal\u00e1l r\u00e9szletes t\u00e1j\u00e9koztat\u00e1st.<\/li><li data-olk-copy-source=\"MessageBody\">Az \u00d6n \u00e1ltal megadott adatokb\u00f3l az \u0171rlap automatikus kalkul\u00e1ci\u00f3t k\u00e9sz\u00edt a programon val\u00f3 r\u00e9szv\u00e9tele k\u00f6lts\u00e9geir\u0151l. Ez az \u00f6sszeg azonban csup\u00e1n t\u00e1j\u00e9koztat\u00f3 jelleg\u0171, a v\u00e9gleges kalkul\u00e1ci\u00f3t <strong>az \u0171rlap alapj\u00e1n ki\u00e1ll\u00edtott d\u00edjbek\u00e9r\u0151<\/strong> lev\u00e9lben tov\u00e1bb\u00edtjuk az \u00d6n sz\u00e1m\u00e1ra.\u00a0<\/li><li style=\"font-size: 16px\" data-olk-copy-source=\"MessageBody\"><span style=\"color: #ff0000\">K\u00e9rj\u00fck, hogy a megadott adatokat a <strong>bek\u00fcld\u00e9s el\u0151tt figyelmesen ellen\u0151rizze \u00e1t<\/strong>, mert ezek k\u00e9s\u0151bb <strong>nem v\u00e1ltoztathat\u00f3k meg<\/strong>. Amennyiben m\u00f3dos\u00edtani szeretne, a regisztr\u00e1ci\u00f3j\u00e1t t\u00f6r\u00f6lj\u00fck \u00e9s a jelentkez\u00e9st \u00fajra el kell v\u00e9geznie.<\/span>\u00a0A t\u00f6rl\u00e9sre vonatkoz\u00f3 ig\u00e9ny\u00e9t<a href=\"mailto:vandorgyules.debrecen@lib.unideb.hu\"> vandorgyules.debrecen@lib.unideb.hu<\/a> e-mail c\u00edmre k\u00fcldheti el.<\/li><li data-olk-copy-source=\"MessageBody\">A jelentkez\u00e9s\u00e9r\u0151l visszaigazol\u00f3 e-mailt k\u00fcld\u00fcnk \u00d6nnek, amiben a r\u00e9szletes adatok mellett megtal\u00e1lja a <strong>regisztr\u00e1ci\u00f3s azonos\u00edt\u00f3j\u00e1t <\/strong>is. B\u00e1rmilyen k\u00e9rd\u00e9se mer\u00fcl fel a jelentkez\u00e9s\u00e9vel kapcsolatosan, k\u00e9rj\u00fck, hogy ezt az azonos\u00edt\u00f3t minden esetben k\u00fcldje el a r\u00e9sz\u00fcnkre \u00edrt \u00fczenetben<\/li><\/ul>\t\t\t\t\t<\/div>\n\t\t\t\t\t\t<\/div>\n\t\t\t\t<\/div>\n\t\t\t\t\t\t<\/div>\n\t\t\t\t\t<\/div>\n\t\t<\/div>\n\t\t\t\t\t\t\t\t<\/div>\n\t\t\t\t\t<\/div>\n\t\t<\/section>\n\t\t\t\t<section class=\"elementor-section elementor-top-section elementor-element elementor-element-d2776d0 elementor-section-boxed elementor-section-height-default elementor-section-height-default\" data-id=\"d2776d0\" data-element_type=\"section\">\n\t\t\t\t\t\t<div class=\"elementor-container elementor-column-gap-default\">\n\t\t\t\t\t\t\t<div class=\"elementor-row\">\n\t\t\t\t\t<div class=\"elementor-column elementor-col-100 elementor-top-column elementor-element elementor-element-1f2e703\" data-id=\"1f2e703\" data-element_type=\"column\">\n\t\t\t<div class=\"elementor-column-wrap elementor-element-populated\">\n\t\t\t\t\t\t\t<div class=\"elementor-widget-wrap\">\n\t\t\t\t\t\t<div class=\"elementor-element elementor-element-7d72ef6 elementor-widget elementor-widget-text-editor\" data-id=\"7d72ef6\" data-element_type=\"widget\" data-widget_type=\"text-editor.default\">\n\t\t\t\t<div class=\"elementor-widget-container\">\n\t\t\t\t\t\t\t\t<div class=\"elementor-text-editor elementor-clearfix\">\n\t\t\t\t\t<table class=\"x_elementToProof\" cellpadding=\"0\"><tbody><tr><td class=\"x_elementToProof\"><div class=\"x_elementToProof\" aria-hidden=\"true\" data-olk-copy-source=\"MessageBody\">\u00a0<\/div><\/td><td class=\"x_elementToProof\"><div class=\"x_elementToProof\"><b>El\u0151zetes regisztr\u00e1ci\u00f3s d\u00edj <i>(2025. j\u00fanius 5-ig)<\/i><\/b><\/div><\/td><td class=\"x_elementToProof\"><div class=\"x_elementToProof\"><b>Teljes\u00e1r\u00fa regisztr\u00e1ci\u00f3s d\u00edj <\/b><i>(2025. j\u00fanius 6-t\u00f3l)<\/i><\/div><\/td><\/tr><tr><td class=\"x_elementToProof\"><div class=\"x_elementToProof\"><b>MKE tag<\/b><\/div><\/td><td class=\"x_elementToProof\"><div class=\"x_elementToProof\"><del>8500 Ft<\/del><\/div><\/td><td class=\"x_elementToProof\"><div class=\"x_elementToProof\">9900 Ft<\/div><\/td><\/tr><tr><td class=\"x_elementToProof\"><div class=\"x_elementToProof\"><b>Nem MKE tag<\/b><\/div><\/td><td class=\"x_elementToProof\"><div class=\"x_elementToProof\"><del>9900 Ft<\/del><\/div><\/td><td class=\"x_elementToProof\"><div class=\"x_elementToProof\">12000 Ft<\/div><\/td><\/tr><tr><td class=\"x_elementToProof\"><div class=\"x_elementToProof\"><b>Hallgat\u00f3<\/b><\/div><\/td><td class=\"x_elementToProof\"><div class=\"x_elementToProof\"><del>6500 Ft<\/del><\/div><\/td><td class=\"x_elementToProof\"><div class=\"x_elementToProof\">7500 Ft<\/div><\/td><\/tr><tr><td class=\"x_elementToProof\"><div class=\"x_elementToProof\"><b>Napijegy<\/b><\/div><\/td><td class=\"x_elementToProof\"><div class=\"x_elementToProof\"><del>6500 Ft<\/del><\/div><\/td><td class=\"x_elementToProof\">6500 Ft<\/td><\/tr><tr><td class=\"x_elementToProof\"><div class=\"x_elementToProof\"><b>El\u0151ad\u00f3<\/b><\/div><\/td><td class=\"x_elementToProof\"><div class=\"x_elementToProof\"><del>3000 Ft<\/del><\/div><\/td><td class=\"x_elementToProof\"><div class=\"x_elementToProof\">3000 Ft<\/div><\/td><\/tr><\/tbody><\/table>\t\t\t\t\t<\/div>\n\t\t\t\t\t\t<\/div>\n\t\t\t\t<\/div>\n\t\t\t\t\t\t<\/div>\n\t\t\t\t\t<\/div>\n\t\t<\/div>\n\t\t\t\t\t\t\t\t<\/div>\n\t\t\t\t\t<\/div>\n\t\t<\/section>\n\t\t\t\t<section class=\"elementor-section elementor-top-section elementor-element elementor-element-dbc20fc elementor-section-boxed elementor-section-height-default elementor-section-height-default\" data-id=\"dbc20fc\" data-element_type=\"section\">\n\t\t\t\t\t\t<div class=\"elementor-container elementor-column-gap-default\">\n\t\t\t\t\t\t\t<div class=\"elementor-row\">\n\t\t\t\t\t<div class=\"elementor-column elementor-col-100 elementor-top-column elementor-element elementor-element-6d9b816\" data-id=\"6d9b816\" data-element_type=\"column\">\n\t\t\t<div class=\"elementor-column-wrap elementor-element-populated\">\n\t\t\t\t\t\t\t<div class=\"elementor-widget-wrap\">\n\t\t\t\t\t\t<div class=\"elementor-element elementor-element-ca8248e elementor-align-center elementor-widget elementor-widget-button\" data-id=\"ca8248e\" data-element_type=\"widget\" data-widget_type=\"button.default\">\n\t\t\t\t<div class=\"elementor-widget-container\">\n\t\t\t\t\t<div class=\"elementor-button-wrapper\">\n\t\t\t<a href=\"https:\/\/vandorgyules.lib.unideb.hu\/resztvevo-regisztracio\" class=\"elementor-button-link elementor-button elementor-size-xl\" role=\"button\">\n\t\t\t\t\t\t<span class=\"elementor-button-content-wrapper\">\n\t\t\t\t\t\t<span class=\"elementor-button-text\">REGISZTR\u00c1LOK<\/span>\n\t\t<\/span>\n\t\t\t\t\t<\/a>\n\t\t<\/div>\n\t\t\t\t<\/div>\n\t\t\t\t<\/div>\n\t\t\t\t\t\t<\/div>\n\t\t\t\t\t<\/div>\n\t\t<\/div>\n\t\t\t\t\t\t\t\t<\/div>\n\t\t\t\t\t<\/div>\n\t\t<\/section>\n\t\t\t\t\t\t<\/div>\n\t\t\t\t\t\t<\/div>\n\t\t\t\t\t<\/div>\n\t\t","protected":false},"excerpt":{"rendered":"<p>Regisztr\u00e1ci\u00f3 A regisztr\u00e1ci\u00f3 online, egy erre a c\u00e9lra kialak\u00edtott \u0171rlapon kereszt\u00fcl t\u00f6rt\u00e9nik, ami v\u00e9gigvezeti \u00d6nt a jelentkez\u00e9s teljes folyamat\u00e1n. Ennek sor\u00e1n a szem\u00e9lyes adatai mellett a szakmai \u00e9s szabadid\u0151s programokon val\u00f3 r\u00e9szv\u00e9tellel, a sz\u00e1ll\u00e1ssal \u00e9s \u00e9tkez\u00e9ssel kapcsolatos inform\u00e1ci\u00f3kat kell megadnia. Fontos tudnia, hogy nem minden k\u00e9rd\u00e9s l\u00e1that\u00f3 egyszerre, az egyes blokkok a v\u00e1lasztott opci\u00f3k f\u00fcggv\u00e9ny\u00e9ben, [&hellip;]<\/p>\n","protected":false},"author":280,"featured_media":0,"parent":0,"menu_order":0,"comment_status":"closed","ping_status":"closed","template":"","meta":[],"yoast_head":"<!-- This site is optimized with the Yoast SEO plugin v16.4 - https:\/\/yoast.com\/wordpress\/plugins\/seo\/ -->\n<title>Regisztr\u00e1ci\u00f3 | MKE 56. V\u00e1ndorgy\u0171l\u00e9s<\/title>\n<meta name=\"description\" content=\"Jelentkez\u00e9s - Visszaigazol\u00e1s - D\u00edjbek\u00e9r\u0151 - Sz\u00e1ml\u00e1z\u00e1s\" \/>\n<meta name=\"robots\" content=\"index, follow, max-snippet:-1, max-image-preview:large, max-video-preview:-1\" \/>\n<link rel=\"canonical\" href=\"https:\/\/mkevandorgyules.hu\/regisztracio2025\/\" \/>\n<meta property=\"og:locale\" content=\"hu_HU\" \/>\n<meta property=\"og:type\" content=\"article\" \/>\n<meta property=\"og:title\" content=\"Regisztr\u00e1ci\u00f3 | MKE 56. V\u00e1ndorgy\u0171l\u00e9s\" \/>\n<meta property=\"og:description\" content=\"Jelentkez\u00e9s - Visszaigazol\u00e1s - D\u00edjbek\u00e9r\u0151 - Sz\u00e1ml\u00e1z\u00e1s\" \/>\n<meta property=\"og:url\" content=\"https:\/\/mkevandorgyules.hu\/regisztracio2025\/\" \/>\n<meta property=\"og:site_name\" content=\"MKE 56. V\u00e1ndorgy\u0171l\u00e9s\" \/>\n<meta property=\"article:modified_time\" content=\"2025-06-17T07:39:31+00:00\" \/>\n<meta property=\"og:image\" content=\"https:\/\/mkevandorgyules.hu\/wp-content\/uploads\/sites\/7\/2025\/03\/Debrecen_vandorgyules_logo2.jpg\" \/>\n\t<meta property=\"og:image:width\" content=\"2115\" \/>\n\t<meta property=\"og:image:height\" content=\"1838\" \/>\n<meta name=\"twitter:card\" content=\"summary_large_image\" \/>\n<meta name=\"twitter:label1\" content=\"Becs\u00fclt olvas\u00e1si id\u0151\" \/>\n\t<meta name=\"twitter:data1\" content=\"1 perc\" \/>\n<script type=\"application\/ld+json\" class=\"yoast-schema-graph\">{\"@context\":\"https:\/\/schema.org\",\"@graph\":[{\"@type\":\"WebSite\",\"@id\":\"https:\/\/mkevandorgyules.hu\/#website\",\"url\":\"https:\/\/mkevandorgyules.hu\/\",\"name\":\"MKE 56. V\\u00e1ndorgy\\u0171l\\u00e9s\",\"description\":\"2025. j\\u00falius 9-12., Debrecen\",\"potentialAction\":[{\"@type\":\"SearchAction\",\"target\":\"https:\/\/mkevandorgyules.hu\/?s={search_term_string}\",\"query-input\":\"required name=search_term_string\"}],\"inLanguage\":\"hu\"},{\"@type\":\"WebPage\",\"@id\":\"https:\/\/mkevandorgyules.hu\/regisztracio2025\/#webpage\",\"url\":\"https:\/\/mkevandorgyules.hu\/regisztracio2025\/\",\"name\":\"Regisztr\\u00e1ci\\u00f3 | MKE 56. V\\u00e1ndorgy\\u0171l\\u00e9s\",\"isPartOf\":{\"@id\":\"https:\/\/mkevandorgyules.hu\/#website\"},\"datePublished\":\"2022-05-19T14:19:14+00:00\",\"dateModified\":\"2025-06-17T07:39:31+00:00\",\"description\":\"Jelentkez\\u00e9s - Visszaigazol\\u00e1s - D\\u00edjbek\\u00e9r\\u0151 - Sz\\u00e1ml\\u00e1z\\u00e1s\",\"breadcrumb\":{\"@id\":\"https:\/\/mkevandorgyules.hu\/regisztracio2025\/#breadcrumb\"},\"inLanguage\":\"hu\",\"potentialAction\":[{\"@type\":\"ReadAction\",\"target\":[\"https:\/\/mkevandorgyules.hu\/regisztracio2025\/\"]}]},{\"@type\":\"BreadcrumbList\",\"@id\":\"https:\/\/mkevandorgyules.hu\/regisztracio2025\/#breadcrumb\",\"itemListElement\":[{\"@type\":\"ListItem\",\"position\":1,\"item\":{\"@type\":\"WebPage\",\"@id\":\"https:\/\/mkevandorgyules.hu\/\",\"url\":\"https:\/\/mkevandorgyules.hu\/\",\"name\":\"Home\"}},{\"@type\":\"ListItem\",\"position\":2,\"item\":{\"@id\":\"https:\/\/mkevandorgyules.hu\/regisztracio2025\/#webpage\"}}]}]}<\/script>\n<!-- \/ Yoast SEO plugin. -->","_links":{"self":[{"href":"https:\/\/mkevandorgyules.hu\/wp-json\/wp\/v2\/pages\/8122"}],"collection":[{"href":"https:\/\/mkevandorgyules.hu\/wp-json\/wp\/v2\/pages"}],"about":[{"href":"https:\/\/mkevandorgyules.hu\/wp-json\/wp\/v2\/types\/page"}],"author":[{"embeddable":true,"href":"https:\/\/mkevandorgyules.hu\/wp-json\/wp\/v2\/users\/280"}],"replies":[{"embeddable":true,"href":"https:\/\/mkevandorgyules.hu\/wp-json\/wp\/v2\/comments?post=8122"}],"version-history":[{"count":111,"href":"https:\/\/mkevandorgyules.hu\/wp-json\/wp\/v2\/pages\/8122\/revisions"}],"predecessor-version":[{"id":36611,"href":"https:\/\/mkevandorgyules.hu\/wp-json\/wp\/v2\/pages\/8122\/revisions\/36611"}],"wp:attachment":[{"href":"https:\/\/mkevandorgyules.hu\/wp-json\/wp\/v2\/media?parent=8122"}],"curies":[{"name":"wp","href":"https:\/\/api.w.org\/{rel}","templated":true}]}}